{"id":309,"date":"2020-01-13T11:17:52","date_gmt":"2020-01-13T14:17:52","guid":{"rendered":"https:\/\/demosites.io\/web-agency-gb\/?page_id=5"},"modified":"2023-11-28T15:28:41","modified_gmt":"2023-11-28T18:28:41","slug":"home","status":"publish","type":"page","link":"https:\/\/cedyt.org\/","title":{"rendered":"home"},"content":{"rendered":"\n<div class=\"wp-block-cover alignfull is-light has-parallax\" style=\"min-height:887px\"><span aria-hidden=\"true\" class=\"wp-block-cover__background has-background-dim-0 has-background-dim\"><\/span><div role=\"img\" class=\"wp-block-cover__image-background wp-image-814 has-parallax\" style=\"background-position:50% 50%;background-image:url(https:\/\/mlfgxe2ni4uc.i.optimole.com\/w:auto\/h:auto\/q:mauto\/f:avif\/https:\/\/cedyt.org\/wp-content\/uploads\/2023\/10\/Portada_home_Cedyt.jpg)\"><\/div><div class=\"wp-block-cover__inner-container is-layout-flow wp-block-cover-is-layout-flow\">\n<h1 class=\"wp-block-heading has-text-align-center has-nv-c-1-color has-text-color\">CEDYT<\/h1>\n\n\n\n<h3 class=\"wp-block-heading has-text-align-center\">Centro de Estudios de Desarrollo y Territorio<\/h3>\n\n\n\n<div class=\"wp-block-buttons is-horizontal is-content-justification-center is-layout-flex wp-container-1 wp-block-buttons-is-layout-flex\">\n<div class=\"wp-block-button is-style-primary\"><a class=\"wp-block-button__link has-nv-site-bg-color has-nv-c-1-background-color has-text-color has-background wp-element-button\" href=\"#QUIENES-SOMOS\" style=\"border-radius:100px\">MAS SOBRE NOSOTROS<\/a><\/div>\n<\/div>\n\n\n\n<div style=\"height:601px\" aria-hidden=\"true\" class=\"wp-block-spacer\"><\/div>\n<\/div><\/div>\n\n\n\n<div class=\"wp-block-cover alignfull\"><span aria-hidden=\"true\" class=\"wp-block-cover__background has-nv-c-1-background-color has-background-dim-100 has-background-dim\"><\/span><div class=\"wp-block-cover__inner-container is-layout-flow wp-block-cover-is-layout-flow\">\n<div style=\"height:60px\" aria-hidden=\"true\" id=\"QUIENES-SOMOS\" class=\"wp-block-spacer\"><\/div>\n\n\n\n<h1 class=\"wp-block-heading has-text-align-center\"><strong>QUIENES SOMOS<\/strong><\/h1>\n\n\n\n<div style=\"height:53px\" aria-hidden=\"true\" class=\"wp-block-spacer\"><\/div>\n\n\n\n<p>Somos una organizaci\u00f3n libre del pueblo que busca el protagonismo de los y las referentes y habitantes de los barrios populares de nuestra regi\u00f3n en la concreci\u00f3n de los derechos econ\u00f3micos, sociales, culturales, pol\u00edticos y ambientales, teniendo como base su historia, identidad, saberes, valores y capacidades organizativas.<\/p>\n\n\n\n<p>Se funda a partir de un grupo de compa\u00f1eros y compa\u00f1eras con inquietudes comunes sobre problemas sociales, principalmente asociados al h\u00e1bitat, el desarrollo local, la formaci\u00f3n y el trabajo. Dirigimos todos nuestros trabajos y actividades con un ideario colectivo, fortaleciendo la confianza en el otro y en la idea de que la transformaci\u00f3n hacia una sociedad m\u00e1s plena y m\u00e1s justa s\u00f3lo es posible entre todos y todas.<br>Creemos en la educaci\u00f3n popular como medio de generaci\u00f3n colectiva del conocimiento y como posicionamiento pol\u00edtico, para la construcci\u00f3n del h\u00e1bitat desde una perspectiva de g\u00e9nero interseccional y transversal. Nuestra mirada se encuentra enmarcada en el derecho a un acceso justo al h\u00e1bitat para todos los habitantes de la provincia de Buenos Aires, pensando el derecho a la tierra, a la vivienda y a la ciudad atravesados por la diversidad y multiplicidad de actores y de sus maneras particulares de habitar y transitar las ciudades y los territorios, as\u00ed como tambi\u00e9n de sus necesidades espec\u00edficas.<\/p>\n\n\n\n<div style=\"height:53px\" aria-hidden=\"true\" class=\"wp-block-spacer\"><\/div>\n<\/div><\/div>\n\n\n\n<div style=\"height:56px\" aria-hidden=\"true\" class=\"wp-block-spacer\"><\/div>\n\n\n\n<div class=\"wp-block-group alignwide is-layout-constrained wp-block-group-is-layout-constrained\"><div class=\"wp-block-group__inner-container\">\n<div class=\"wp-block-columns alignwide are-vertically-aligned-top is-layout-flex wp-container-10 wp-block-columns-is-layout-flex\">\n<div class=\"wp-block-column is-vertically-aligned-top is-layout-flow wp-block-column-is-layout-flow\" style=\"flex-basis:33.33%\">\n<div class=\"wp-block-group is-layout-constrained wp-block-group-is-layout-constrained\"><div class=\"wp-block-group__inner-container\"><div class=\"wp-block-image\">\n<figure class=\"aligncenter size-full is-resized\"><img decoding=\"async\" width=\"101\" height=\"95\" src=\"https:\/\/mlfgxe2ni4uc.i.optimole.com\/w:auto\/h:auto\/q:mauto\/f:avif\/http:\/\/cedyt.org\/wp-content\/uploads\/2023\/06\/Icon_Promocion-territorial-e1686257545455.png\" alt=\"\" class=\"wp-image-408\" style=\"width:73px;height:69px\"\/><\/figure><\/div>\n\n\n<h3 class=\"wp-block-heading has-text-align-center has-nv-c-1-color has-text-color\">Objetivo<\/h3>\n\n\n\n<p class=\"has-text-align-center\">Centramos nuestro objetivo primario en poner a disposici\u00f3n el conocimiento y herramientas de nuestros equipos en la construcci\u00f3n de espacios que aporten a la organizaci\u00f3n popular de los sectores vulnerabilizados de nuestra sociedad, a partir de la transdisciplina y la construcci\u00f3n colectiva de saberes.<\/p>\n<\/div><\/div>\n<\/div>\n\n\n\n<div class=\"wp-block-column is-vertically-aligned-top is-layout-flow wp-block-column-is-layout-flow\" style=\"flex-basis:33.33%\">\n<div class=\"wp-block-group is-layout-constrained wp-block-group-is-layout-constrained\"><div class=\"wp-block-group__inner-container\"><div class=\"wp-block-image\">\n<figure class=\"aligncenter size-full\"><img decoding=\"async\" width=\"101\" height=\"95\" src=\"https:\/\/mlfgxe2ni4uc.i.optimole.com\/w:auto\/h:auto\/q:mauto\/f:avif\/http:\/\/cedyt.org\/wp-content\/uploads\/2023\/06\/Icon_Mision.png\" alt=\"\" class=\"wp-image-407\"\/><\/figure><\/div>\n\n\n<h3 class=\"wp-block-heading has-text-align-center has-nv-c-1-color has-text-color\">Misi\u00f3n<\/h3>\n\n\n\n<p class=\"has-text-align-center\">Promover y facilitar la construcci\u00f3n de espacios inclusivos y participativos que impulsen la organizaci\u00f3n popular en los sectores vulnerabilizados de nuestra sociedad. <\/p>\n<\/div><\/div>\n<\/div>\n\n\n\n<div class=\"wp-block-column is-vertically-aligned-top is-layout-flow wp-block-column-is-layout-flow\" style=\"flex-basis:33.33%\">\n<div class=\"wp-block-group is-layout-constrained wp-block-group-is-layout-constrained\"><div class=\"wp-block-group__inner-container\"><div class=\"wp-block-image\">\n<figure class=\"aligncenter size-full\"><img decoding=\"async\" width=\"101\" height=\"95\" src=\"https:\/\/mlfgxe2ni4uc.i.optimole.com\/w:auto\/h:auto\/q:mauto\/f:avif\/http:\/\/cedyt.org\/wp-content\/uploads\/2023\/06\/Icon_Vision.png\" alt=\"\" class=\"wp-image-409\"\/><\/figure><\/div>\n\n\n<h3 class=\"wp-block-heading has-text-align-center has-nv-c-1-color has-text-color\">Visi\u00f3n<\/h3>\n\n\n\n<p class=\"has-text-align-center\">Construir un espacio colectivo de generaci\u00f3n de saberes y proyectos que aporte a la integraci\u00f3n social y urbana de los barrios populares de nuestra regi\u00f3n desde una perspectiva feminista y de derechos<\/p>\n<\/div><\/div>\n<\/div>\n<\/div>\n<\/div><\/div>\n\n\n\n<div class=\"wp-block-cover alignfull\" style=\"min-height:420px\"><span aria-hidden=\"true\" class=\"wp-block-cover__background has-nv-dark-bg-background-color has-background-dim-100 has-background-dim\"><\/span><div class=\"wp-block-cover__inner-container is-layout-flow wp-block-cover-is-layout-flow\">\n<div style=\"height:65px\" aria-hidden=\"true\" class=\"wp-block-spacer\"><\/div>\n\n\n\n<h2 class=\"wp-block-heading has-text-align-center\">AUTORIDADES<\/h2>\n\n\n\n<div style=\"height:38px\" aria-hidden=\"true\" class=\"wp-block-spacer\"><\/div>\n\n\n\n<div class=\"wp-block-columns is-layout-flex wp-container-16 wp-block-columns-is-layout-flex\">\n<div class=\"wp-block-column ticss-4ce656f1 is-layout-flow wp-block-column-is-layout-flow\">\n<div style=\"height:24px\" aria-hidden=\"true\" class=\"wp-block-spacer\"><\/div>\n\n\n\n<h4 class=\"wp-block-heading has-text-align-center\">Graciela Soledad Avila<\/h4>\n\n\n\n<p class=\"has-text-align-center has-nv-site-bg-color has-text-color\">Presidenta<\/p>\n\n\n\n<div style=\"height:20px\" aria-hidden=\"true\" class=\"wp-block-spacer\"><\/div>\n<\/div>\n\n\n\n<div class=\"wp-block-column ticss-f6fc7494 is-layout-flow wp-block-column-is-layout-flow\">\n<div style=\"height:24px\" aria-hidden=\"true\" class=\"wp-block-spacer\"><\/div>\n\n\n\n<h4 class=\"wp-block-heading has-text-align-center\">Lila Carranza Blascetta<\/h4>\n\n\n\n<p class=\"has-text-align-center has-nv-site-bg-color has-text-color\">Secretaria<\/p>\n\n\n\n<div style=\"height:20px\" aria-hidden=\"true\" class=\"wp-block-spacer\"><\/div>\n<\/div>\n\n\n\n<div class=\"wp-block-column ticss-a5b4df29 is-layout-flow wp-block-column-is-layout-flow\">\n<div style=\"height:24px\" aria-hidden=\"true\" class=\"wp-block-spacer\"><\/div>\n\n\n\n<h4 class=\"wp-block-heading has-text-align-center\">Maria Soledad del Cueto<\/h4>\n\n\n\n<p class=\"has-text-align-center has-nv-site-bg-color has-text-color\">Tesorera<\/p>\n\n\n\n<div style=\"height:20px\" aria-hidden=\"true\" class=\"wp-block-spacer\"><\/div>\n<\/div>\n\n\n\n<div class=\"wp-block-column ticss-f6fc7494 is-layout-flow wp-block-column-is-layout-flow\">\n<div style=\"height:24px\" aria-hidden=\"true\" class=\"wp-block-spacer\"><\/div>\n\n\n\n<h4 class=\"wp-block-heading has-text-align-center\">Doris Elvira Oropeza<\/h4>\n\n\n\n<p class=\"has-text-align-center has-nv-site-bg-color has-text-color\">Vicepresidenta<\/p>\n\n\n\n<div style=\"height:20px\" aria-hidden=\"true\" class=\"wp-block-spacer\"><\/div>\n<\/div>\n<\/div>\n\n\n\n<div style=\"height:30px\" aria-hidden=\"true\" class=\"wp-block-spacer\"><\/div>\n<\/div><\/div>\n\n\n\n<div class=\"wp-block-cover alignfull\"><span aria-hidden=\"true\" class=\"wp-block-cover__background has-nv-c-1-background-color has-background-dim-100 has-background-dim\"><\/span><div class=\"wp-block-cover__inner-container is-layout-flow wp-block-cover-is-layout-flow\">\n<div style=\"height:41px\" aria-hidden=\"true\" class=\"wp-block-spacer\"><\/div>\n\n\n\n<h1 class=\"wp-block-heading has-text-align-center\">que hacemos<\/h1>\n\n\n\n<p>Desarrollamos nuestra actividad en la regi\u00f3n del Gran La Plata, Berisso y Ensenada. Las zonas donde se realizan las actividades son Los Hornos, Olmos, Villa Elvira, Arturo Segu\u00ed y El Dique, en cada barrio cuenta con un referente del lugar con quien planificamos conjuntamente las capacitaciones y los proyectos, con participaci\u00f3n de la comunidad.<\/p>\n\n\n\n<div style=\"height:33px\" aria-hidden=\"true\" class=\"wp-block-spacer\"><\/div>\n\n\n\n<div class=\"wp-block-buttons is-content-justification-center is-layout-flex wp-container-18 wp-block-buttons-is-layout-flex\">\n<div class=\"wp-block-button is-style-default\"><a class=\"wp-block-button__link has-text-align-center wp-element-button\" href=\"https:\/\/cedyt.org\/?page_id=707\">VER M\u00c1S<\/a><\/div>\n<\/div>\n<\/div><\/div>\n\n\n\n<div style=\"height:44px\" aria-hidden=\"true\" class=\"wp-block-spacer\"><\/div>\n\n\n\n<div class=\"wp-block-group is-layout-constrained wp-block-group-is-layout-constrained\"><div class=\"wp-block-group__inner-container\"><div class=\"wp-block-image\">\n<figure class=\"aligncenter size-full\"><a href=\"https:\/\/cedyt.org\/?page_id=46\"><img data-opt-src=\"https:\/\/mlfgxe2ni4uc.i.optimole.com\/w:auto\/h:auto\/q:mauto\/f:avif\/http:\/\/cedyt.org\/wp-content\/uploads\/2023\/06\/Icon_comisiones.png\"  decoding=\"async\" width=\"101\" height=\"93\" src=\"data:image/svg+xml,%3Csvg%20viewBox%3D%220%200%20100%%20100%%22%20width%3D%22100%%22%20height%3D%22100%%22%20xmlns%3D%22http%3A%2F%2Fwww.w3.org%2F2000%2Fsvg%22%3E%3C%2Fsvg%3E\" alt=\"\" class=\"wp-image-405\"\/><\/a><\/figure><\/div>\n\n\n<h2 class=\"wp-block-heading has-text-align-center has-nv-c-1-color has-text-color\">COMISIONES<\/h2>\n\n\n\n<div class=\"wp-block-columns is-layout-flex wp-container-24 wp-block-columns-is-layout-flex\">\n<div class=\"wp-block-column is-layout-flow wp-block-column-is-layout-flow\"><div class=\"wp-block-image\">\n<figure class=\"aligncenter size-full\"><a href=\"https:\/\/cedyt.org\/?page_id=46#HABITAT\"><img data-opt-src=\"https:\/\/mlfgxe2ni4uc.i.optimole.com\/w:auto\/h:auto\/q:mauto\/f:avif\/https:\/\/cedyt.org\/wp-content\/uploads\/2023\/11\/Habitat.png\"  decoding=\"async\" width=\"151\" height=\"151\" src=\"data:image/svg+xml,%3Csvg%20viewBox%3D%220%200%20100%%20100%%22%20width%3D%22100%%22%20height%3D%22100%%22%20xmlns%3D%22http%3A%2F%2Fwww.w3.org%2F2000%2Fsvg%22%3E%3C%2Fsvg%3E\" alt=\"\" class=\"wp-image-949\"\/><\/a><\/figure><\/div>\n\n\n<h3 class=\"wp-block-heading has-text-align-center has-nv-c-1-color has-text-color\"><a href=\"https:\/\/cedyt.org\/?page_id=46#HABITAT\" data-type=\"link\" data-id=\"https:\/\/cedyt.org\/?page_id=46\">Habitat<\/a><\/h3>\n<\/div>\n\n\n\n<div class=\"wp-block-column is-layout-flow wp-block-column-is-layout-flow\"><div class=\"wp-block-image\">\n<figure class=\"aligncenter size-full is-resized\"><a href=\"https:\/\/cedyt.org\/?page_id=46#PLANIFICACION\"><img data-opt-src=\"https:\/\/mlfgxe2ni4uc.i.optimole.com\/w:auto\/h:auto\/q:mauto\/f:avif\/https:\/\/cedyt.org\/wp-content\/uploads\/2023\/11\/Planificacion.png\"  decoding=\"async\" width=\"151\" height=\"151\" src=\"data:image/svg+xml,%3Csvg%20viewBox%3D%220%200%20100%%20100%%22%20width%3D%22100%%22%20height%3D%22100%%22%20xmlns%3D%22http%3A%2F%2Fwww.w3.org%2F2000%2Fsvg%22%3E%3C%2Fsvg%3E\" alt=\"\" class=\"wp-image-950\" style=\"aspect-ratio:1;width:141px;height:auto\"\/><\/a><\/figure><\/div>\n\n\n<h3 class=\"wp-block-heading has-text-align-center has-nv-c-1-color has-text-color\"><a href=\"https:\/\/cedyt.org\/?page_id=46#PLANIFICACION\">Planificaci\u00f3n<\/a><\/h3>\n<\/div>\n\n\n\n<div class=\"wp-block-column is-layout-flow wp-block-column-is-layout-flow\"><div class=\"wp-block-image\">\n<figure class=\"aligncenter size-full\"><a href=\"https:\/\/cedyt.org\/?page_id=46#GENEROS\"><img data-opt-src=\"https:\/\/mlfgxe2ni4uc.i.optimole.com\/w:auto\/h:auto\/q:mauto\/f:avif\/https:\/\/cedyt.org\/wp-content\/uploads\/2023\/11\/Genero.png\"  decoding=\"async\" width=\"151\" height=\"151\" src=\"data:image/svg+xml,%3Csvg%20viewBox%3D%220%200%20100%%20100%%22%20width%3D%22100%%22%20height%3D%22100%%22%20xmlns%3D%22http%3A%2F%2Fwww.w3.org%2F2000%2Fsvg%22%3E%3C%2Fsvg%3E\" alt=\"\" class=\"wp-image-951\"\/><\/a><\/figure><\/div>\n\n\n<h3 class=\"wp-block-heading has-text-align-center has-nv-c-1-color has-text-color\"><a href=\"https:\/\/cedyt.org\/?page_id=46#GENEROS\">G\u00e9neros y Diversidad<\/a><\/h3>\n<\/div>\n\n\n\n<div class=\"wp-block-column is-layout-flow wp-block-column-is-layout-flow\"><div class=\"wp-block-image\">\n<figure class=\"aligncenter size-full is-resized\"><a href=\"https:\/\/cedyt.org\/?page_id=46#CULTURA\"><img data-opt-src=\"https:\/\/mlfgxe2ni4uc.i.optimole.com\/w:auto\/h:auto\/q:mauto\/f:avif\/https:\/\/cedyt.org\/wp-content\/uploads\/2023\/11\/Cultuira.png\"  decoding=\"async\" width=\"151\" height=\"151\" src=\"data:image/svg+xml,%3Csvg%20viewBox%3D%220%200%20100%%20100%%22%20width%3D%22100%%22%20height%3D%22100%%22%20xmlns%3D%22http%3A%2F%2Fwww.w3.org%2F2000%2Fsvg%22%3E%3C%2Fsvg%3E\" alt=\"\" class=\"wp-image-955\" style=\"aspect-ratio:1;width:151px;height:auto\"\/><\/a><\/figure><\/div>\n\n\n<h3 class=\"wp-block-heading has-text-align-center has-nv-c-1-color has-text-color\"><a href=\"https:\/\/cedyt.org\/?page_id=46#CULTURA\">Cultura<\/a><\/h3>\n<\/div>\n<\/div>\n\n\n\n<div class=\"wp-block-columns is-layout-flex wp-container-28 wp-block-columns-is-layout-flex\">\n<div class=\"wp-block-column is-layout-flow wp-block-column-is-layout-flow\"><div class=\"wp-block-image\">\n<figure class=\"aligncenter size-full\"><a href=\"https:\/\/cedyt.org\/?page_id=46#SALUD\"><img data-opt-src=\"https:\/\/mlfgxe2ni4uc.i.optimole.com\/w:auto\/h:auto\/q:mauto\/f:avif\/https:\/\/cedyt.org\/wp-content\/uploads\/2023\/11\/Salud.png\"  decoding=\"async\" width=\"151\" height=\"151\" src=\"data:image/svg+xml,%3Csvg%20viewBox%3D%220%200%20100%%20100%%22%20width%3D%22100%%22%20height%3D%22100%%22%20xmlns%3D%22http%3A%2F%2Fwww.w3.org%2F2000%2Fsvg%22%3E%3C%2Fsvg%3E\" alt=\"\" class=\"wp-image-952\"\/><\/a><\/figure><\/div>\n\n\n<h3 class=\"wp-block-heading has-text-align-center has-nv-c-1-color has-text-color\"><a href=\"https:\/\/cedyt.org\/?page_id=46#SALUD\" data-type=\"link\" data-id=\"https:\/\/cedyt.org\/?page_id=46\">Salud<\/a><\/h3>\n<\/div>\n\n\n\n<div class=\"wp-block-column is-layout-flow wp-block-column-is-layout-flow\"><div class=\"wp-block-image\">\n<figure class=\"aligncenter size-full\"><a href=\"https:\/\/cedyt.org\/?page_id=46#TERRITORIO\"><img data-opt-src=\"https:\/\/mlfgxe2ni4uc.i.optimole.com\/w:auto\/h:auto\/q:mauto\/f:avif\/https:\/\/cedyt.org\/wp-content\/uploads\/2023\/11\/Territorio.png\"  decoding=\"async\" width=\"151\" height=\"151\" src=\"data:image/svg+xml,%3Csvg%20viewBox%3D%220%200%20100%%20100%%22%20width%3D%22100%%22%20height%3D%22100%%22%20xmlns%3D%22http%3A%2F%2Fwww.w3.org%2F2000%2Fsvg%22%3E%3C%2Fsvg%3E\" alt=\"\" class=\"wp-image-953\"\/><\/a><\/figure><\/div>\n\n\n<h3 class=\"wp-block-heading has-text-align-center has-nv-c-1-color has-text-color\"><a href=\"https:\/\/cedyt.org\/?page_id=46#TERRITORIO\">Territorio<\/a><\/h3>\n<\/div>\n\n\n\n<div class=\"wp-block-column is-layout-flow wp-block-column-is-layout-flow\"><div class=\"wp-block-image\">\n<figure class=\"aligncenter size-full\"><img data-opt-src=\"https:\/\/mlfgxe2ni4uc.i.optimole.com\/w:auto\/h:auto\/q:mauto\/f:avif\/https:\/\/cedyt.org\/wp-content\/uploads\/2023\/11\/Deportes.png\"  decoding=\"async\" width=\"151\" height=\"151\" src=\"data:image/svg+xml,%3Csvg%20viewBox%3D%220%200%20100%%20100%%22%20width%3D%22100%%22%20height%3D%22100%%22%20xmlns%3D%22http%3A%2F%2Fwww.w3.org%2F2000%2Fsvg%22%3E%3C%2Fsvg%3E\" alt=\"\" class=\"wp-image-954\"\/><\/figure><\/div>\n\n\n<h3 class=\"wp-block-heading has-text-align-center has-nv-c-1-color has-text-color\"><a href=\"https:\/\/cedyt.org\/?page_id=46#DEPORTES\">Deportes<\/a><\/h3>\n<\/div>\n<\/div>\n<\/div><\/div>\n\n\n\n<div style=\"height:92px\" aria-hidden=\"true\" class=\"wp-block-spacer\"><\/div>\n\n\n\n<hr class=\"wp-block-separator has-alpha-channel-opacity\"\/>\n\n\n\n<div style=\"height:49px\" aria-hidden=\"true\" class=\"wp-block-spacer\"><\/div>\n\n\n\n<h2 class=\"wp-block-heading has-text-align-center has-nv-c-1-color has-text-color\">VINCULACIONES<\/h2>\n\n\n\n<figure class=\"wp-block-image alignwide size-large\"><img data-opt-src=\"https:\/\/mlfgxe2ni4uc.i.optimole.com\/w:1024\/h:668\/q:mauto\/f:avif\/https:\/\/cedyt.org\/wp-content\/uploads\/2023\/11\/Vinculaciones-2.png\"  decoding=\"async\" width=\"1024\" height=\"668\" src=\"data:image/svg+xml,%3Csvg%20viewBox%3D%220%200%201024%20668%22%20width%3D%221024%22%20height%3D%22668%22%20xmlns%3D%22http%3A%2F%2Fwww.w3.org%2F2000%2Fsvg%22%3E%3C%2Fsvg%3E\" alt=\"\" class=\"wp-image-1050\"\/><\/figure>\n\n\n\n<div style=\"height:83px\" aria-hidden=\"true\" class=\"wp-block-spacer\"><\/div>\n\n\n\n<hr class=\"wp-block-separator has-alpha-channel-opacity\"\/>\n","protected":false},"excerpt":{"rendered":"<p>Objetivo Centramos nuestro objetivo primario en poner a disposici\u00f3n el conocimiento y herramientas de nuestros equipos en la construcci\u00f3n de espacios que aporten a la organizaci\u00f3n popular de los sectores vulnerabilizados de nuestra sociedad, a partir de la transdisciplina y la construcci\u00f3n colectiva de saberes. Misi\u00f3n Promover y facilitar la construcci\u00f3n de espacios inclusivos y&hellip;&nbsp;<a href=\"https:\/\/cedyt.org\/\" class=\"\" rel=\"bookmark\">Leer m\u00e1s &raquo;<span class=\"screen-reader-text\">home<\/span><\/a><\/p>\n","protected":false},"author":1,"featured_media":0,"parent":0,"menu_order":0,"comment_status":"closed","ping_status":"closed","template":"","meta":{"_mi_skip_tracking":false,"_monsterinsights_sitenote_active":false,"_monsterinsights_sitenote_note":"","_monsterinsights_sitenote_category":0,"neve_meta_sidebar":"full-width","neve_meta_container":"contained","neve_meta_enable_content_width":"on","neve_meta_content_width":100,"neve_meta_title_alignment":"center","neve_meta_author_avatar":"","neve_post_elements_order":"","neve_meta_disable_header":"","neve_meta_disable_footer":"","neve_meta_disable_title":"on","_themeisle_gutenberg_block_has_review":false,"_ti_tpc_template_sync":false,"_ti_tpc_template_id":"5udqur826ojgsxrmsxsc","footnotes":""},"_links":{"self":[{"href":"https:\/\/cedyt.org\/index.php?rest_route=\/wp\/v2\/pages\/309"}],"collection":[{"href":"https:\/\/cedyt.org\/index.php?rest_route=\/wp\/v2\/pages"}],"about":[{"href":"https:\/\/cedyt.org\/index.php?rest_route=\/wp\/v2\/types\/page"}],"author":[{"embeddable":true,"href":"https:\/\/cedyt.org\/index.php?rest_route=\/wp\/v2\/users\/1"}],"replies":[{"embeddable":true,"href":"https:\/\/cedyt.org\/index.php?rest_route=%2Fwp%2Fv2%2Fcomments&post=309"}],"version-history":[{"count":140,"href":"https:\/\/cedyt.org\/index.php?rest_route=\/wp\/v2\/pages\/309\/revisions"}],"predecessor-version":[{"id":1052,"href":"https:\/\/cedyt.org\/index.php?rest_route=\/wp\/v2\/pages\/309\/revisions\/1052"}],"wp:attachment":[{"href":"https:\/\/cedyt.org\/index.php?rest_route=%2Fwp%2Fv2%2Fmedia&parent=309"}],"curies":[{"name":"wp","href":"https:\/\/api.w.org\/{rel}","templated":true}]}}