{"id":61,"date":"2023-06-08T16:19:45","date_gmt":"2023-06-08T19:19:45","guid":{"rendered":"https:\/\/cedyt.org\/?page_id=61"},"modified":"2024-07-31T18:21:07","modified_gmt":"2024-07-31T21:21:07","slug":"observatorio-habitat","status":"publish","type":"page","link":"https:\/\/cedyt.org\/?page_id=61","title":{"rendered":"OBSERVATORIO HABITAT"},"content":{"rendered":"\n<div class=\"wp-block-group is-layout-constrained wp-block-group-is-layout-constrained\"><div class=\"wp-block-group__inner-container\">\n<div style=\"height:153px\" aria-hidden=\"true\" class=\"wp-block-spacer\"><\/div>\n\n\n<div class=\"wp-block-image\">\n<figure class=\"aligncenter size-large is-resized\"><img decoding=\"async\" width=\"1024\" height=\"383\" src=\"https:\/\/mlfgxe2ni4uc.i.optimole.com\/w:1024\/h:383\/q:mauto\/f:avif\/http:\/\/cedyt.org\/wp-content\/uploads\/2023\/10\/Logo_ObservatorioHabitat.png\" alt=\"\" class=\"wp-image-804\" style=\"aspect-ratio:2.6736292428198434;width:417px;height:auto\"\/><\/figure><\/div>\n\n\n<div style=\"height:112px\" aria-hidden=\"true\" class=\"wp-block-spacer\"><\/div>\n\n\n\n<p class=\"has-text-align-left\">El <strong>Observatorio de H\u00e1bitat y Territorio del CEDyT (Centro de Estudios Desarrollo y Territorio) <\/strong>es un espacio de car\u00e1cter t\u00e9cnico y pol\u00edtico conformado por profesionales de distintas disciplinas, que tiene el objetivo de aportar a la construcci\u00f3n de conocimiento para la mejora en la calidad de vida del pueblo, entendiendo que los gobiernos municipales son los responsables directos del bienestar territorial y el acceso a un h\u00e1bitat justo y equitativo, y a fortalecer la participaci\u00f3n comunitaria en la generaci\u00f3n de informaci\u00f3n clara, oportuna y veraz en las distintas fases de la construcci\u00f3n de proyectos relativos a procesos de transformaci\u00f3n territorial.<\/p>\n\n\n\n<p><\/p>\n\n\n\n<div style=\"height:62px\" aria-hidden=\"true\" class=\"wp-block-spacer\"><\/div>\n<\/div><\/div>\n\n\n\n<div class=\"wp-block-buttons is-content-justification-center is-layout-flex wp-container-2 wp-block-buttons-is-layout-flex\">\n<div class=\"wp-block-button\"><a class=\"wp-block-button__link wp-element-button\" href=\"http:\/\/observatoriohabitat.net\">INGRESAR<\/a><\/div>\n<\/div>\n","protected":false},"excerpt":{"rendered":"<p>El Observatorio de H\u00e1bitat y Territorio del CEDyT (Centro de Estudios Desarrollo y Territorio) es un espacio de car\u00e1cter t\u00e9cnico y pol\u00edtico conformado por profesionales de distintas disciplinas, que tiene el objetivo de aportar a la construcci\u00f3n de conocimiento para la mejora en la calidad de vida del pueblo, entendiendo que los gobiernos municipales son&hellip;&nbsp;<a href=\"https:\/\/cedyt.org\/?page_id=61\" class=\"\" rel=\"bookmark\">Leer m\u00e1s &raquo;<span class=\"screen-reader-text\">OBSERVATORIO HABITAT<\/span><\/a><\/p>\n","protected":false},"author":1,"featured_media":0,"parent":0,"menu_order":0,"comment_status":"closed","ping_status":"closed","template":"","meta":{"_mi_skip_tracking":false,"_monsterinsights_sitenote_active":false,"_monsterinsights_sitenote_note":"","_monsterinsights_sitenote_category":0,"neve_meta_sidebar":"","neve_meta_container":"","neve_meta_enable_content_width":"","neve_meta_content_width":0,"neve_meta_title_alignment":"","neve_meta_author_avatar":"","neve_post_elements_order":"","neve_meta_disable_header":"","neve_meta_disable_footer":"","neve_meta_disable_title":"","_themeisle_gutenberg_block_has_review":false,"_ti_tpc_template_sync":false,"_ti_tpc_template_id":"","footnotes":""},"_links":{"self":[{"href":"https:\/\/cedyt.org\/index.php?rest_route=\/wp\/v2\/pages\/61"}],"collection":[{"href":"https:\/\/cedyt.org\/index.php?rest_route=\/wp\/v2\/pages"}],"about":[{"href":"https:\/\/cedyt.org\/index.php?rest_route=\/wp\/v2\/types\/page"}],"author":[{"embeddable":true,"href":"https:\/\/cedyt.org\/index.php?rest_route=\/wp\/v2\/users\/1"}],"replies":[{"embeddable":true,"href":"https:\/\/cedyt.org\/index.php?rest_route=%2Fwp%2Fv2%2Fcomments&post=61"}],"version-history":[{"count":13,"href":"https:\/\/cedyt.org\/index.php?rest_route=\/wp\/v2\/pages\/61\/revisions"}],"predecessor-version":[{"id":1087,"href":"https:\/\/cedyt.org\/index.php?rest_route=\/wp\/v2\/pages\/61\/revisions\/1087"}],"wp:attachment":[{"href":"https:\/\/cedyt.org\/index.php?rest_route=%2Fwp%2Fv2%2Fmedia&parent=61"}],"curies":[{"name":"wp","href":"https:\/\/api.w.org\/{rel}","templated":true}]}}